24245.
1
Calculate the remainder when 17645 is divided by 7649.
2347
Calculate the remainder when 408311 is divided by 4121.
332
What is the remainder when 17143221 is divided by 48155?
41
What is the remainder when 9755900 is divided by 2280?
2060
Calculate the remainder when 134445 is divided by 1305.
30
What is the remainder when 1327177 is divided by 147464?
1
What is the remainder when 496165 is divided by 6794?
203
Calculate the remainder when 14320679 is divided by 38.
37
Calculate the remainder when 1641190 is divided by 440.
430
Calculate the remainder when 3638037 is divided by 727606.
7
Calculate the remainder when 5461443 is divided by 2821.
2808
What is the remainder when 31513399 is divided by 1511?
1494
Calculate the remainder when 19709513 is divided by 2887.
2851
Calculate the remainder when 20263647 is divided by 7409.
32
What is the remainder when 119229 is divided by 1255?
4
What is the remainder when 156752117 is divided by 155?
152
Calculate the remainder when 3048996 is divided by 72.
12
Calculate the remainder when 922791 is divided by 93.
45
Calculate the remainder when 6374897 is divided by 458.
453
Calculate the remainder when 141061 is divided by 526.
93
What is the remainder when 4609 is divided by 730?
229
Calculate the remainder when 606036 is divided by 278.
274
Calculate the remainder when 1341720 is divided by 44.
28
What is the remainder when 171052777 is divided by 1708?
1701
Calculate the remainder when 169099 is divided by 156.
151
Calculate the remainder when 197983 is divided by 96380.
5223
What is the remainder when 4851046 is divided by 5267?
139
Calculate the remainder when 217992 is divided by 507.
489
Calculate the remainder when 65903475 is divided by 484.
99
Calculate the remainder when 73785 is divided by 1255.
995
Calculate the remainder when 162796039 is divided by 999.
997
What is the remainder when 111426 is divided by 47?
36
Calculate the remainder when 184212880 is divided by 4221.
4219
Calculate the remainder when 6807504 is divided by 2269085.
249
Calculate the remainder when 418413 is divided by 69722.
81
Calculate the remainder when 375646 is divided by 1248.
1246
Calculate the remainder when 332749 is divided by 1663.
149
Calculate the remainder when 287873039 is divided by 5380.
5379
What is the remainder when 62018053 is divided by 109?
105
What is the remainder when 14658 is divided by 6418?
1822
Calculate the remainder when 351512 is divided by 27030.
122
What is the remainder when 98168 is divided by 48594?
980
What is the remainder when 1446000 is divided by 21582?
6
What is the remainder when 2191421 is divided by 1362?
1325
Calculate the remainder when 2276991 is divided by 3920.
3391
Calculate the remainder when 11654732 is divided by 6880.
12
Calculate the remainder when 46117 is divided by 1027.
929
Calculate the remainder when 411802 is divided by 101.
25
Calculate the remainder when 90065773 is divided by 5003654.
1
Calculate the remainder when 77932360 is divided by 38966176.
8
Calculate the remainder when 5230556 is divided by 9065.
51
Calculate the remainder when 1640 is divided by 668.
304
Calculate the remainder when 3552520 is divided by 728.
608
What is the remainder when 49406471 is divided by 111527?
10
What is the remainder when 91568 is divided by 3393?
3350
What is the remainder when 354140 is divided by 2785?
445
What is the remainder when 151549 is divided by 37132?
3021
What is the remainder when 3241386 is divided by 308?
302
Calculate the remainder when 135973455 is divided by 1486.
1483
Calculate the remainder when 19972943 is divided by 126411.
5
What is the remainder when 920453 is divided by 19176?
5
What is the remainder when 1658231 is divided by 6589?
4392
Calculate the remainder when 30629406 is divided by 57574.
38
Calculate the remainder when 22164187 is divided by 3858.
3835
What is the remainder when 22916 is divided by 438?
140
What is the remainder when 199098 is divided by 49096?
2714
What is the remainder when 444411899 is divided by 513?
512
Calculate the remainder when 756736 is divided by 468.
448
What is the remainder when 8277208 is divided by 959?
79
Calculate the remainder when 234714651 is divided by 3703.
3699
What is the remainder when 86552 is divided by 2049?
494
Calculate the remainder when 5680290 is divided by 1022.
14
Calculate the remainder when 1052601 is divided by 30074.
11
What is the remainder when 1562360967 is divided by 28?
27
What is the remainder when 2714287 is divided by 387743?
86
Calculate the remainder when 263759 is divided by 490.
139
Calculate the remainder when 23970 is divided by 2240.
1570
Calculate the remainder when 26111409 is divided by 9.
6
What is the remainder when 140952844 is divided by 8567?
8560
What is the remainder when 215527 is divided by 557?
525
Calculate the remainder when 179336 is divided by 454.
6
What is the remainder when 3204971 is divided by 663?
29
Calculate the remainder when 63286 is divided by 1917.
25
Calculate the remainder when 122294 is divided by 40702.
188
What is the remainder when 1097598 is divided by 117?
21
What is the remainder when 5187 is divided by 874?
817
What is the remainder when 1136072 is divided by 27049?
14
Calculate the remainder when 45913 is divided by 15304.
1
What is the remainder when 57102 is divided by 269?
74
What is the remainder when 378663 is divided by 189062?
539
What is the remainder when 42686 is divided by 14222?
20
What is the remainder when 3005047 is divided by 20?
7
What is the remainder when 266121 is divided by 448?
9
Calculate the remainder when 143984 is divided by 119.
113
What is the remainder when 65709 is divided by 1882?
1721
What is the remainder when 1015519 is divided by 736?
575
Calculate the remainder when 1810726 is divided by 362143.
11
What is the remainder when 19189380 is divided by 838?
18
What is the remainder when 60910 is divided by 4584?
1318
What is the remainder when 3336552 is divided by 133?
114
What is the remainder when 187780 is divided by 26794?
222
What is the remainder when 4285 is divided by 4144?
141
Calculate the remainder when 1380223 is divided by 263.
262
Calculate the remainder when 30630821 is divided by 150151.
17
Calculate the remainder when 412053 is divided by 1325.
1303
Calculate the remainder when 4277724 is divided by 251628.
48
What is the remainder when 33277386 is divided by 11?
10
Calculate the remainder when 15645525 is divided by 4068.
4065
Calculate the remainder when 2473541 is divided by 22.
15
Calculate the remainder when 2280892 is divided by 31679.
4
What is the remainder when 103377 is divided by 102985?
392
Calculate the remainder when 132973 is divided by 5103.
295
Calculate the remainder when 1433431 is divided by 68238.
433
What is the remainder when 323999027 is divided by 11020?
7
What is the remainder when 85061 is divided by 20222?
4173
Calculate the remainder when 348186 is divided by 58029.
12
What is the remainder when 430185322 is divided by 627?
622
Calculate the remainder when 6027062 is divided by 114.
110
Calculate the remainder when 2945515 is divided by 126.
13
What is the remainder when 21069 is divided by 19672?
1397
Calculate the remainder when 1273451 is divided by 3414.
29
What is the remainder when 3196718 is divided by 94?
60
What is the remainder when 342034759 is divided by 40?
39
What is the remainder when 664307 is divided by 5838?
4613
Calculate the remainder when 76963 is divided by 6686.
3417
What is the remainder when 66613814 is divided by 9?
8
What is the remainder when 177666 is divided by 3120?
2946
What is the remainder when 572716 is divided by 3467?
661
What is the remainder when 227073 is divided by 7567?
63
What is the remainder when 22376457 is divided by 21?
12
What is the remainder when 1538510 is divided by 27?
23
What is the remainder when 1475030 is divided by 33?
29
What is the remainder when 62723113 is divided by 477?
475
What is the remainder when 13566598 is divided by 239?
2
What is the remainder when 894989 is divided by 14434?
81
What is the remainder when 20567 is divided by 1423?
645
What is the remainder when 4064841 is divided by 369528?
33
Calculate the remainder when 3938716 is divided by 1989.
496
What i